{"id":92,"date":"2019-11-24T15:24:17","date_gmt":"2019-11-24T15:24:17","guid":{"rendered":"http:\/\/website.feuerwehr-altenglan.de\/?page_id=92"},"modified":"2025-01-30T10:17:55","modified_gmt":"2025-01-30T09:17:55","slug":"hlf-20","status":"publish","type":"page","link":"https:\/\/www.feuerwehr-altenglan.de\/?page_id=92","title":{"rendered":"HLF 20"},"content":{"rendered":"<p>[et_pb_section fb_built=&#8220;1&#8243; _builder_version=&#8220;4.27.4&#8243; _module_preset=&#8220;default&#8220; custom_padding=&#8220;0px||0px||true|false&#8220; global_colors_info=&#8220;{}&#8220;][et_pb_row column_structure=&#8220;2_3,1_3&#8243; _builder_version=&#8220;4.27.4&#8243; _module_preset=&#8220;default&#8220; width=&#8220;100%&#8220; max_width=&#8220;80%&#8220; module_alignment=&#8220;center&#8220; global_colors_info=&#8220;{}&#8220;][et_pb_column type=&#8220;2_3&#8243; _builder_version=&#8220;4.27.4&#8243; _module_preset=&#8220;default&#8220; background_color=&#8220;#f5f5f5&#8243; custom_padding=&#8220;3em|3em|3em|3em|true|true&#8220; border_radii=&#8220;on|15px|15px|15px|15px&#8220; global_colors_info=&#8220;{}&#8220;][et_pb_heading title=&#8220;Hilfeleistungsl\u00f6schgruppenfahrzeug 20 (HLF 20)&#8220; _builder_version=&#8220;4.27.4&#8243; _module_preset=&#8220;default&#8220; title_text_align=&#8220;center&#8220; global_colors_info=&#8220;{}&#8220;][\/et_pb_heading][et_pb_image src=&#8220;https:\/\/www.feuerwehr-altenglan.de\/wp-content\/uploads\/2025\/01\/Bild-HLF-20-4.jpg&#8220; title_text=&#8220;Bild HLF 20 (4)&#8220; align=&#8220;center&#8220; _builder_version=&#8220;4.27.4&#8243; _module_preset=&#8220;default&#8220; width=&#8220;80%&#8220; global_colors_info=&#8220;{}&#8220;][\/et_pb_image][et_pb_text _builder_version=&#8220;4.27.4&#8243; _module_preset=&#8220;default&#8220; global_colors_info=&#8220;{}&#8220;]<\/p>\n<div id=\"cc-m-11160472295\" class=\"j-module n j-text \">\n<p style=\"text-align: justify;\">Das am 16.08.2017 in Dienst gestellte HLF 20 der Feuerwehr Altenglan ist ein Allroundfahrzeug f\u00fcr Brandeins\u00e4tze und technische Hilfeleistungen.<\/p>\n<p style=\"text-align: justify;\">Das auf einen Mercedes Benz Atego 1529 aufgebaute Fahrzeug von Rosenbauer Feuerwehrtechnik Luckenwalde verf\u00fcgt \u00fcber einen 2000 Liter Wassertank, einen 120 Liter Schaumtank sowie \u00fcber eine Gruppenkabine.<\/p>\n<p style=\"text-align: justify;\">Die Pumpenleistung betr\u00e4gt 3500 Liter pro Minute.<\/p>\n<p style=\"text-align: justify;\">Das Fahrzeug leistet 290 PS bei einem zul\u00e4ssigen Gesamtgewicht von 15 Tonnen.<\/p>\n<p style=\"text-align: justify;\">Das Fahrzeug wird als Erstangriffsfahrzeug eingesetzt und hat den Rufnamen Florian Altenglan 46 und verf\u00fcgt \u00fcber eine umfangreiche DIN Beladung.<\/p>\n<\/div>\n<p>[\/et_pb_text][et_pb_divider _builder_version=&#8220;4.27.4&#8243; _module_preset=&#8220;default&#8220; global_colors_info=&#8220;{}&#8220;][\/et_pb_divider][et_pb_heading title=&#8220;Informationen&#8220; _builder_version=&#8220;4.27.4&#8243; _module_preset=&#8220;default&#8220; title_level=&#8220;h4&#8243; title_font=&#8220;|600|||||||&#8220; custom_margin=&#8220;||1em||false|false&#8220; global_colors_info=&#8220;{}&#8220;][\/et_pb_heading][et_pb_text _builder_version=&#8220;4.27.4&#8243; _module_preset=&#8220;default&#8220; global_colors_info=&#8220;{}&#8220;]<\/p>\n<p>Funkrufname: Florian Altenglan 46<\/p>\n<p>Baujahr: 2017<\/p>\n<p>[\/et_pb_text][et_pb_heading title=&#8220;Beladung&#8220; _builder_version=&#8220;4.27.4&#8243; _module_preset=&#8220;default&#8220; title_level=&#8220;h4&#8243; title_font=&#8220;|600|||||||&#8220; custom_margin=&#8220;||1em||false|false&#8220; global_colors_info=&#8220;{}&#8220;][\/et_pb_heading][et_pb_text _builder_version=&#8220;4.27.4&#8243; _module_preset=&#8220;default&#8220; hover_enabled=&#8220;0&#8243; global_colors_info=&#8220;{}&#8220; sticky_enabled=&#8220;0&#8243;]<\/p>\n<ul>\n<li>Steckleiter<\/li>\n<li>Dreiteilige Schiebeleiter<\/li>\n<li>Lichtmast mit 6 LED Scheinwerfen<\/li>\n<li>Weber Rettungssatz mit Schere RSU 200-107 plus und Spreizer SP 53 BS<\/li>\n<li>3 Weber Rettungszylinder RZ1 bis RZ3<\/li>\n<li>13 KVA Stromerzeuger<\/li>\n<li>LKW Rettungsplattform<\/li>\n<li>Stab Fast Abst\u00fctzsystem<\/li>\n<li>Stab Pack Unterbausystem<\/li>\n<li>2 Hebekissen Weber Flatbag mit einer Hubkraft von 11 Tonnen<\/li>\n<li>Tauchpumpe Mast TP 4\/1 F\u00f6rderleistung 400 l\/min<\/li>\n<li>Nass-Trockensauger als Austauschelement f\u00fcr Sprungretter<\/li>\n<li>4 PA im Mannschaftsraum mit integriertem Feuerwehrhaltegurt<\/li>\n<li>S\u00e4bels\u00e4ge und Trennschleifer<\/li>\n<li>Motorkettens\u00e4ge Stihl MS 261<\/li>\n<li>Schornsteinfegerwerkzeug<\/li>\n<li>W\u00e4rmebildkamera<\/li>\n<li>4-Gas Ex-Me\u00dfger\u00e4t<\/li>\n<li>Rettungsrucksack<\/li>\n<li>Spineboard\u00a0 und Vakuummatratze mit Bergesack<\/li>\n<li>Elektro Hochleistungsl\u00fcfter<\/li>\n<li>Elektrowerkzeugsatz<\/li>\n<li>T\u00fcr\u00f6ffnungswerkzeug<\/li>\n<\/ul>\n<p>[\/et_pb_text][et_pb_heading title=&#8220;Bilder&#8220; _builder_version=&#8220;4.27.4&#8243; _module_preset=&#8220;default&#8220; title_level=&#8220;h4&#8243; title_font=&#8220;|600|||||||&#8220; custom_margin=&#8220;||1em||false|false&#8220; global_colors_info=&#8220;{}&#8220;][\/et_pb_heading][et_pb_gallery gallery_ids=&#8220;1252,1254,1255,1257,1259,1260,1261,1262,1265,1266,1268,1267&#8243; posts_number=&#8220;2&#8243; show_title_and_caption=&#8220;off&#8220; _builder_version=&#8220;4.27.4&#8243; _module_preset=&#8220;default&#8220; global_colors_info=&#8220;{}&#8220;][\/et_pb_gallery][\/et_pb_column][et_pb_column type=&#8220;1_3&#8243; _builder_version=&#8220;4.27.4&#8243; _module_preset=&#8220;default&#8220; background_color=&#8220;#f5f5f5&#8243; custom_padding=&#8220;3em|3em|3em|3em|true|true&#8220; border_radii=&#8220;on|15px|15px|15px|15px&#8220; global_colors_info=&#8220;{}&#8220;][et_pb_blurb title=&#8220;N\u00e4chste Termine&#8220; _builder_version=&#8220;4.27.4&#8243; _module_preset=&#8220;default&#8220; header_font=&#8220;|600|||||||&#8220; header_text_align=&#8220;center&#8220; header_line_height=&#8220;2em&#8220; body_line_height=&#8220;1em&#8220; custom_padding=&#8220;1em|1em|1em|1em|true|true&#8220; border_width_all=&#8220;2px&#8220; border_color_all=&#8220;#dbdbdb&#8220; global_colors_info=&#8220;{}&#8220;]\n<section class=\" ics-calendar layout-basic stickymonths\" id=\"r69f347f41ad0e4b\" style=\"opacity: 1;\">\n\n\t\t\t<article class=\"ics-calendar-basic-wrapper\">\n\n\t\t\t\n\t\t\t<ul class=\"events r34ics-basic-events\">\n\t\t\t\t\t\t\t\t\t\n\t\t\t\t\t\t\t\t\t\t<li class=\"event t190000\" data-dow=\"4\" data-wknum=\"18\" data-rel2today=\"today\" data-feed-key=\"0\">\n\t\t\t\t\t\t\t\t\t\t\t<div class=\"date\"><span data-date-format=\"l\">Donnerstag<\/span> <span data-date-format=\"j\">30<\/span> <span data-date-format=\"F\">April<\/span><\/div>\n\n\t\t\t\t\t\t\t\t\t\t\t<div class=\"event-info\">\n\t\t\t\t\t\t\t\t\t\t\t\t\t\t\t\t\t\t\t\t\t\t\t\t\t<div class=\"time\">\n\t\t\t\t\t\t\t\t\t\t\t\t\t\t<span class=\"start_time\">19:00<\/span>\n\t\t\t\t\t\t\t\t\t\t\t\t\t\t\t\t\t\t\t\t\t\t\t\t\t\t\t\t\t<span class=\"end_time\">&#8211; 21:00<\/span>\n\t\t\t\t\t\t\t\t\t\t\t\t\t\t\t\t\t\t\t\t\t\t\t\t\t\t\t\t<\/div>\n\t\t\t\t\t\t\t\t\t\t\t\t\t<div class=\"title\">\u00dcbung<\/div>\t\t\t\t\t\t\t\t\t\t\t<\/div>\n\t\t\t\t\t\t\t\t\t\t\n\t\t\t\t\t\t\t\t\t\t<\/li>\n\n\t\t\t\t\t\t\t\t\t\t\t\t\t\t\t\n\t\t\t\t\t\t\t\t\t\t<li class=\"event t190000\" data-dow=\"4\" data-wknum=\"19\" data-rel2today=\"future\" data-feed-key=\"0\">\n\t\t\t\t\t\t\t\t\t\t\t<div class=\"date\"><span data-date-format=\"l\">Donnerstag<\/span> <span data-date-format=\"j\">7<\/span> <span data-date-format=\"F\">Mai<\/span><\/div>\n\n\t\t\t\t\t\t\t\t\t\t\t<div class=\"event-info\">\n\t\t\t\t\t\t\t\t\t\t\t\t\t\t\t\t\t\t\t\t\t\t\t\t\t<div class=\"time\">\n\t\t\t\t\t\t\t\t\t\t\t\t\t\t<span class=\"start_time\">19:00<\/span>\n\t\t\t\t\t\t\t\t\t\t\t\t\t\t\t\t\t\t\t\t\t\t\t\t\t\t\t\t\t<span class=\"end_time\">&#8211; 21:00<\/span>\n\t\t\t\t\t\t\t\t\t\t\t\t\t\t\t\t\t\t\t\t\t\t\t\t\t\t\t\t<\/div>\n\t\t\t\t\t\t\t\t\t\t\t\t\t<div class=\"title\">\u00dcbung<\/div>\t\t\t\t\t\t\t\t\t\t\t<\/div>\n\t\t\t\t\t\t\t\t\t\t\n\t\t\t\t\t\t\t\t\t\t<\/li>\n\n\t\t\t\t\t\t\t\t\t\t\t\t\t<\/ul>\n\t\t<\/article>\n\n\t\t\n<\/section>\n[\/et_pb_blurb][et_pb_blurb title=&#8220;Katwarn&#8220; _builder_version=&#8220;4.27.4&#8243; _module_preset=&#8220;default&#8220; header_font=&#8220;|600|||||||&#8220; header_text_align=&#8220;center&#8220; header_line_height=&#8220;2em&#8220; body_line_height=&#8220;1em&#8220; custom_padding=&#8220;1em|1em|1em|1em|true|true&#8220; border_width_all=&#8220;2px&#8220; border_color_all=&#8220;#dbdbdb&#8220; global_colors_info=&#8220;{}&#8220;]<a href=\"https:\/\/warnungen.katwarn.de\/\" target=\"_blank\" rel=\"noopener noreferrer\"><img decoding=\"async\" style=\"display: block; margin-left: auto; margin-right: auto;\" src=\"https:\/\/warnungen.katwarn.de\/widget\/kus_box.png\" alt=\"Katwarn Warnungen\" \/><\/a>[\/et_pb_blurb][et_pb_blurb title=&#8220;Wetterwarnungen&#8220; _builder_version=&#8220;4.27.4&#8243; _module_preset=&#8220;default&#8220; header_font=&#8220;|600|||||||&#8220; header_text_align=&#8220;center&#8220; header_line_height=&#8220;2em&#8220; body_line_height=&#8220;1em&#8220; custom_padding=&#8220;1em|1em|1em|1em|true|true&#8220; border_width_all=&#8220;2px&#8220; border_color_all=&#8220;#dbdbdb&#8220; global_colors_info=&#8220;{}&#8220;]<\/p>\n<p><img decoding=\"async\" src=\"https:\/\/www.dwd.de\/DWD\/warnungen\/warnapp_gemeinden\/json\/warnungen_gemeinde_map_rps.png\" \/><\/p>\n<p>[\/et_pb_blurb][\/et_pb_column][\/et_pb_row][\/et_pb_section]<\/p>\n","protected":false},"excerpt":{"rendered":"<p>Das am 16.08.2017 in Dienst gestellte HLF 20 der Feuerwehr Altenglan ist ein Allroundfahrzeug f\u00fcr Brandeins\u00e4tze und technische Hilfeleistungen. Das auf einen Mercedes Benz Atego 1529 aufgebaute Fahrzeug von Rosenbauer Feuerwehrtechnik Luckenwalde verf\u00fcgt \u00fcber einen 2000 Liter Wassertank, einen 120 Liter Schaumtank sowie \u00fcber eine Gruppenkabine. Die Pumpenleistung betr\u00e4gt 3500 Liter pro Minute. Das Fahrzeug [&hellip;]<\/p>\n","protected":false},"author":1,"featured_media":0,"parent":0,"menu_order":0,"comment_status":"closed","ping_status":"closed","template":"","meta":{"_et_pb_use_builder":"on","_et_pb_old_content":"<!-- wp:divi\/placeholder \/-->","_et_gb_content_width":"","footnotes":""},"class_list":["post-92","page","type-page","status-publish","hentry"],"_links":{"self":[{"href":"https:\/\/www.feuerwehr-altenglan.de\/index.php?rest_route=\/wp\/v2\/pages\/92","targetHints":{"allow":["GET"]}}],"collection":[{"href":"https:\/\/www.feuerwehr-altenglan.de\/index.php?rest_route=\/wp\/v2\/pages"}],"about":[{"href":"https:\/\/www.feuerwehr-altenglan.de\/index.php?rest_route=\/wp\/v2\/types\/page"}],"author":[{"embeddable":true,"href":"https:\/\/www.feuerwehr-altenglan.de\/index.php?rest_route=\/wp\/v2\/users\/1"}],"replies":[{"embeddable":true,"href":"https:\/\/www.feuerwehr-altenglan.de\/index.php?rest_route=%2Fwp%2Fv2%2Fcomments&post=92"}],"version-history":[{"count":13,"href":"https:\/\/www.feuerwehr-altenglan.de\/index.php?rest_route=\/wp\/v2\/pages\/92\/revisions"}],"predecessor-version":[{"id":1662,"href":"https:\/\/www.feuerwehr-altenglan.de\/index.php?rest_route=\/wp\/v2\/pages\/92\/revisions\/1662"}],"wp:attachment":[{"href":"https:\/\/www.feuerwehr-altenglan.de\/index.php?rest_route=%2Fwp%2Fv2%2Fmedia&parent=92"}],"curies":[{"name":"wp","href":"https:\/\/api.w.org\/{rel}","templated":true}]}}

<p>[et_pb_section fb_built=&#8220;1&#8243; _builder_version=&#8220;4.27.4&#8243; _module_preset=&#8220;default&#8220; custom_padding=&#8220;0px||0px||true|false&#8220; global_colors_info=&#8220;{}&#8220;][et_pb_row column_structure=&#8220;2_3,1_3&#8243; _builder_version=&#8220;4.27.4&#8243; _module_preset=&#8220;default&#8220; width=&#8220;100%&#8220; max_width=&#8220;80%&#8220; module_alignment=&#8220;center&#8220; global_colors_info=&#8220;{}&#8220;][et_pb_column type=&#8220;2_3&#8243; _builder_version=&#8220;4.27.4&#8243; _module_preset=&#8220;default&#8220; background_color=&#8220;#f5f5f5&#8243; custom_padding=&#8220;3em|3em|3em|3em|true|true&#8220; border_radii=&#8220;on|15px|15px|15px|15px&#8220; global_colors_info=&#8220;{}&#8220;][et_pb_heading title=&#8220;Hilfeleistungslöschgruppenfahrzeug 20 (HLF 20)&#8220; _builder_version=&#8220;4.27.4&#8243; _module_preset=&#8220;default&#8220; title_text_align=&#8220;center&#8220; global_colors_info=&#8220;{}&#8220;][/et_pb_heading][et_pb_image src=&#8220;https://www.feuerwehr-altenglan.de/wp-content/uploads/2025/01/Bild-HLF-20-4.jpg&#8220; title_text=&#8220;Bild HLF 20 (4)&#8220; align=&#8220;center&#8220; _builder_version=&#8220;4.27.4&#8243; _module_preset=&#8220;default&#8220; width=&#8220;80%&#8220; global_colors_info=&#8220;{}&#8220;][/et_pb_image][et_pb_text _builder_version=&#8220;4.27.4&#8243; _module_preset=&#8220;default&#8220; global_colors_info=&#8220;{}&#8220;]</p>
<div id="cc-m-11160472295" class="j-module n j-text ">
<p style="text-align: justify;">Das am 16.08.2017 in Dienst gestellte HLF 20 der Feuerwehr Altenglan ist ein Allroundfahrzeug für Brandeinsätze und technische Hilfeleistungen.</p>
<p style="text-align: justify;">Das auf einen Mercedes Benz Atego 1529 aufgebaute Fahrzeug von Rosenbauer Feuerwehrtechnik Luckenwalde verfügt über einen 2000 Liter Wassertank, einen 120 Liter Schaumtank sowie über eine Gruppenkabine.</p>
<p style="text-align: justify;">Die Pumpenleistung beträgt 3500 Liter pro Minute.</p>
<p style="text-align: justify;">Das Fahrzeug leistet 290 PS bei einem zulässigen Gesamtgewicht von 15 Tonnen.</p>
<p style="text-align: justify;">Das Fahrzeug wird als Erstangriffsfahrzeug eingesetzt und hat den Rufnamen Florian Altenglan 46 und verfügt über eine umfangreiche DIN Beladung.</p>
</div>
<p>[/et_pb_text][et_pb_divider _builder_version=&#8220;4.27.4&#8243; _module_preset=&#8220;default&#8220; global_colors_info=&#8220;{}&#8220;][/et_pb_divider][et_pb_heading title=&#8220;Informationen&#8220; _builder_version=&#8220;4.27.4&#8243; _module_preset=&#8220;default&#8220; title_level=&#8220;h4&#8243; title_font=&#8220;|600|||||||&#8220; custom_margin=&#8220;||1em||false|false&#8220; global_colors_info=&#8220;{}&#8220;][/et_pb_heading][et_pb_text _builder_version=&#8220;4.27.4&#8243; _module_preset=&#8220;default&#8220; global_colors_info=&#8220;{}&#8220;]</p>
<p>Funkrufname: Florian Altenglan 46</p>
<p>Baujahr: 2017</p>
<p>[/et_pb_text][et_pb_heading title=&#8220;Beladung&#8220; _builder_version=&#8220;4.27.4&#8243; _module_preset=&#8220;default&#8220; title_level=&#8220;h4&#8243; title_font=&#8220;|600|||||||&#8220; custom_margin=&#8220;||1em||false|false&#8220; global_colors_info=&#8220;{}&#8220;][/et_pb_heading][et_pb_text _builder_version=&#8220;4.27.4&#8243; _module_preset=&#8220;default&#8220; hover_enabled=&#8220;0&#8243; global_colors_info=&#8220;{}&#8220; sticky_enabled=&#8220;0&#8243;]</p>
<ul>
<li>Steckleiter</li>
<li>Dreiteilige Schiebeleiter</li>
<li>Lichtmast mit 6 LED Scheinwerfen</li>
<li>Weber Rettungssatz mit Schere RSU 200-107 plus und Spreizer SP 53 BS</li>
<li>3 Weber Rettungszylinder RZ1 bis RZ3</li>
<li>13 KVA Stromerzeuger</li>
<li>LKW Rettungsplattform</li>
<li>Stab Fast Abstützsystem</li>
<li>Stab Pack Unterbausystem</li>
<li>2 Hebekissen Weber Flatbag mit einer Hubkraft von 11 Tonnen</li>
<li>Tauchpumpe Mast TP 4/1 Förderleistung 400 l/min</li>
<li>Nass-Trockensauger als Austauschelement für Sprungretter</li>
<li>4 PA im Mannschaftsraum mit integriertem Feuerwehrhaltegurt</li>
<li>Säbelsäge und Trennschleifer</li>
<li>Motorkettensäge Stihl MS 261</li>
<li>Schornsteinfegerwerkzeug</li>
<li>Wärmebildkamera</li>
<li>4-Gas Ex-Meßgerät</li>
<li>Rettungsrucksack</li>
<li>Spineboard  und Vakuummatratze mit Bergesack</li>
<li>Elektro Hochleistungslüfter</li>
<li>Elektrowerkzeugsatz</li>
<li>Türöffnungswerkzeug</li>
</ul>
<p>[/et_pb_text][et_pb_heading title=&#8220;Bilder&#8220; _builder_version=&#8220;4.27.4&#8243; _module_preset=&#8220;default&#8220; title_level=&#8220;h4&#8243; title_font=&#8220;|600|||||||&#8220; custom_margin=&#8220;||1em||false|false&#8220; global_colors_info=&#8220;{}&#8220;][/et_pb_heading][et_pb_gallery gallery_ids=&#8220;1252,1254,1255,1257,1259,1260,1261,1262,1265,1266,1268,1267&#8243; posts_number=&#8220;2&#8243; show_title_and_caption=&#8220;off&#8220; _builder_version=&#8220;4.27.4&#8243; _module_preset=&#8220;default&#8220; global_colors_info=&#8220;{}&#8220;][/et_pb_gallery][/et_pb_column][et_pb_column type=&#8220;1_3&#8243; _builder_version=&#8220;4.27.4&#8243; _module_preset=&#8220;default&#8220; background_color=&#8220;#f5f5f5&#8243; custom_padding=&#8220;3em|3em|3em|3em|true|true&#8220; border_radii=&#8220;on|15px|15px|15px|15px&#8220; global_colors_info=&#8220;{}&#8220;][et_pb_blurb title=&#8220;Nächste Termine&#8220; _builder_version=&#8220;4.27.4&#8243; _module_preset=&#8220;default&#8220; header_font=&#8220;|600|||||||&#8220; header_text_align=&#8220;center&#8220; header_line_height=&#8220;2em&#8220; body_line_height=&#8220;1em&#8220; custom_padding=&#8220;1em|1em|1em|1em|true|true&#8220; border_width_all=&#8220;2px&#8220; border_color_all=&#8220;#dbdbdb&#8220; global_colors_info=&#8220;{}&#8220;]
<section class=" ics-calendar layout-basic stickymonths" id="r69f347f41ad0e4b" style="opacity: 1;">

			<article class="ics-calendar-basic-wrapper">

			
			<ul class="events r34ics-basic-events">
									
										<li class="event t190000" data-dow="4" data-wknum="18" data-rel2today="today" data-feed-key="0">
											<div class="date"><span data-date-format="l">Donnerstag</span> <span data-date-format="j">30</span> <span data-date-format="F">April</span></div>

											<div class="event-info">
																									<div class="time">
														<span class="start_time">19:00</span>
																													<span class="end_time">&#8211; 21:00</span>
																												</div>
													<div class="title">Übung</div>											</div>
										
										</li>

															
										<li class="event t190000" data-dow="4" data-wknum="19" data-rel2today="future" data-feed-key="0">
											<div class="date"><span data-date-format="l">Donnerstag</span> <span data-date-format="j">7</span> <span data-date-format="F">Mai</span></div>

											<div class="event-info">
																									<div class="time">
														<span class="start_time">19:00</span>
																													<span class="end_time">&#8211; 21:00</span>
																												</div>
													<div class="title">Übung</div>											</div>
										
										</li>

													</ul>
		</article>

		
</section>
[/et_pb_blurb][et_pb_blurb title=&#8220;Katwarn&#8220; _builder_version=&#8220;4.27.4&#8243; _module_preset=&#8220;default&#8220; header_font=&#8220;|600|||||||&#8220; header_text_align=&#8220;center&#8220; header_line_height=&#8220;2em&#8220; body_line_height=&#8220;1em&#8220; custom_padding=&#8220;1em|1em|1em|1em|true|true&#8220; border_width_all=&#8220;2px&#8220; border_color_all=&#8220;#dbdbdb&#8220; global_colors_info=&#8220;{}&#8220;]<a href="https://warnungen.katwarn.de/" target="_blank" rel="noopener noreferrer"><img decoding="async" style="display: block; margin-left: auto; margin-right: auto;" src="https://warnungen.katwarn.de/widget/kus_box.png" alt="Katwarn Warnungen" /></a>[/et_pb_blurb][et_pb_blurb title=&#8220;Wetterwarnungen&#8220; _builder_version=&#8220;4.27.4&#8243; _module_preset=&#8220;default&#8220; header_font=&#8220;|600|||||||&#8220; header_text_align=&#8220;center&#8220; header_line_height=&#8220;2em&#8220; body_line_height=&#8220;1em&#8220; custom_padding=&#8220;1em|1em|1em|1em|true|true&#8220; border_width_all=&#8220;2px&#8220; border_color_all=&#8220;#dbdbdb&#8220; global_colors_info=&#8220;{}&#8220;]</p>
<p><img decoding="async" src="https://www.dwd.de/DWD/warnungen/warnapp_gemeinden/json/warnungen_gemeinde_map_rps.png" /></p>
<p>[/et_pb_blurb][/et_pb_column][/et_pb_row][/et_pb_section]</p>

<p>Das am 16.08.2017 in Dienst gestellte HLF 20 der Feuerwehr Altenglan ist ein Allroundfahrzeug für Brandeinsätze und technische Hilfeleistungen. Das auf einen Mercedes Benz Atego 1529 aufgebaute Fahrzeug von Rosenbauer Feuerwehrtechnik Luckenwalde verfügt über einen 2000 Liter Wassertank, einen 120 Liter Schaumtank sowie über eine Gruppenkabine. Die Pumpenleistung beträgt 3500 Liter pro Minute. Das Fahrzeug [&hellip;]</p>
