{"id":45,"date":"2019-11-19T08:39:27","date_gmt":"2019-11-19T08:39:27","guid":{"rendered":"http:\/\/website.feuerwehr-altenglan.de\/?page_id=45"},"modified":"2025-02-12T21:18:06","modified_gmt":"2025-02-12T20:18:06","slug":"foerderverein","status":"publish","type":"page","link":"https:\/\/www.feuerwehr-altenglan.de\/?page_id=45","title":{"rendered":"F\u00f6rderverein"},"content":{"rendered":"<p>[et_pb_section fb_built=&#8220;1&#8243; _builder_version=&#8220;4.16&#8243; width=&#8220;100%&#8220; custom_padding=&#8220;0px|0px|0px|0px|false|false&#8220; global_colors_info=&#8220;{}&#8220;][et_pb_row column_structure=&#8220;2_3,1_3&#8243; _builder_version=&#8220;4.27.4&#8243; _module_preset=&#8220;default&#8220; width=&#8220;100%&#8220; max_width=&#8220;80%&#8220; module_alignment=&#8220;center&#8220; global_colors_info=&#8220;{}&#8220;][et_pb_column type=&#8220;2_3&#8243; _builder_version=&#8220;4.27.4&#8243; _module_preset=&#8220;default&#8220; background_color=&#8220;#f5f5f5&#8243; custom_padding=&#8220;3em|3em|3em|3em|true|true&#8220; border_radii=&#8220;on|15px|15px|15px|15px&#8220; global_colors_info=&#8220;{}&#8220;][et_pb_heading title=&#8220;F\u00f6rderverein \u201cSt Florian\u201c der Freiwilligen Feuerwehr Altenglan&#8220; _builder_version=&#8220;4.27.4&#8243; _module_preset=&#8220;default&#8220; title_text_align=&#8220;center&#8220; global_colors_info=&#8220;{}&#8220;][\/et_pb_heading][et_pb_text _builder_version=&#8220;4.27.4&#8243; global_colors_info=&#8220;{}&#8220;]<\/p>\n<p><span style=\"color: #000000; font-size: 10px;\"><span style=\"font-size: 14px;\">Seit 1982 besteht der F\u00f6rderverein der Freiwilligen Feuerwehr Altenglan. Mehr als 60 Personen geh\u00f6ren ihm an. Ziel ist es, die Arbeit der Feuerwehr Altenglan aktiv zu f\u00f6rdern. Sei es durch ideele oder durch materielle Unterst\u00fctzung. Durch die aktive Unterst\u00fctzung des F\u00f6rdervereins konnte der Feuerwehr Altenglan schon Material im Wert von mehreren 10.000 Euro \u00fcbergeben werden. Wenn auch Sie die Arbeit der Feuerwehr aktiv f\u00f6rdern m\u00f6chten, dann werden Sie Mitglied im F\u00f6rderverein.<\/span><\/span><\/p>\n<p><span style=\"font-size: 14px;\"><span style=\"color: #000000;\"><\/span><span style=\"text-decoration: underline;\"><span style=\"color: #000000; text-decoration: underline;\">Ziele:<\/span><\/span><\/span><\/p>\n<ul>\n<li><span style=\"font-size: 14px;\"><span style=\"color: #000000;\">materielle und ideele Unterst\u00fctzung der Freiwilligen Feuerwehr Altenglan<\/span><\/span><\/li>\n<li><span style=\"font-size: 14px;\"><span style=\"color: #000000;\">F\u00fcrsorge f\u00fcr die Mitglieder, vor allem die Feuerwehrangeh\u00f6rigen<\/span><\/span><\/li>\n<li><span style=\"font-size: 14px;\"><span style=\"color: #000000;\">F\u00f6rderung der Jugendfeuerwehr<\/span><\/span><\/li>\n<li><span style=\"font-size: 14px;\"><span style=\"color: #000000;\">\u00d6ffentlichkeitsarbeit<\/span><\/span><span style=\"font-size: 14px;\"><span style=\"color: #000000;\"><\/span><\/span><span style=\"font-size: 14px;\"><span style=\"color: #000000;\"><\/span><\/span><\/li>\n<\/ul>\n<p><span style=\"font-size: 14px;\"><span style=\"color: #000000;\"><\/span><\/span><\/p>\n<p style=\"text-align: justify;\"><span style=\"color: #000000; font-size: 10px;\"><span style=\"font-size: 14px;\">Wenn sie also den F\u00f6rderverein und die Freiwillige Feuerwehr Altenglan aktiv unterst\u00fctzen m\u00f6chten werden sie Mitglied. Schreiben Sie uns einfach eine Email und wir schicken Ihnen ein Anmeldeformular zu.<\/span><\/span><strong><span style=\"color: #000000; font-size: 10px;\"><br \/><\/span><\/strong><\/p>\n<p style=\"text-align: justify;\"><span style=\"color: #000000; font-size: 10px;\"><span style=\"font-size: 14px;\">Alternativ k\u00f6nnen Sie den Antrag auf Mitgliedschaft downloaden und ausgef\u00fcllt an uns senden.<\/span><\/span><\/p>\n<p>[\/et_pb_text][et_pb_text _builder_version=&#8220;4.27.4&#8243; _module_preset=&#8220;default&#8220; hover_enabled=&#8220;0&#8243; sticky_enabled=&#8220;0&#8243;]<\/p>\n<p><span style=\"text-decoration: underline;\">Kontakt:<\/span><\/p>\n<p>1. Vorsitzender &#8211; Alexander Ruth: fv-fw-altenglan@web.de<\/p>\n<p>[\/et_pb_text][et_pb_text _builder_version=&#8220;4.27.4&#8243; global_colors_info=&#8220;{}&#8220;]<\/p>\n<h3><span style=\"text-decoration: underline;\">Formulare:<\/span><\/h3>\n<p>&nbsp;<\/p>\n<p><a href=\"https:\/\/www.feuerwehr-altenglan.de\/wp-content\/uploads\/2020\/05\/Antrag-auf-Mitgliedschaft.pdf\" rel=\"attachment noopener noreferrer wp-att-862\" target=\"_blank\">Antrag auf Mitgliedschaft<\/a><\/p>\n<p><a href=\"https:\/\/www.feuerwehr-altenglan.de\/wp-content\/uploads\/2020\/05\/Gesch\u00e4ftsordnung-F\u00f6rderverein.pdf\" rel=\"attachment noopener noreferrer wp-att-861\" target=\"_blank\">Gesch\u00e4ftsordnung F\u00f6rderverein<\/a><\/p>\n<p><a href=\"https:\/\/www.feuerwehr-altenglan.de\/wp-content\/uploads\/2020\/05\/Vereinssatzung-F\u00f6rderverein.pdf\" rel=\"attachment noopener noreferrer wp-att-860\" target=\"_blank\">Vereinssatzung F\u00f6rderverein<\/a><\/p>\n<p>[\/et_pb_text][\/et_pb_column][et_pb_column type=&#8220;1_3&#8243; _builder_version=&#8220;4.27.4&#8243; _module_preset=&#8220;default&#8220; background_color=&#8220;#f5f5f5&#8243; custom_padding=&#8220;3em|3em|3em|3em|true|true&#8220; border_radii=&#8220;on|15px|15px|15px|15px&#8220; global_colors_info=&#8220;{}&#8220;][et_pb_blurb title=&#8220;N\u00e4chste Termine&#8220; _builder_version=&#8220;4.27.4&#8243; _module_preset=&#8220;default&#8220; header_font=&#8220;|600|||||||&#8220; header_text_align=&#8220;center&#8220; header_line_height=&#8220;2em&#8220; body_line_height=&#8220;1em&#8220; custom_padding=&#8220;1em|1em|1em|1em|true|true&#8220; border_width_all=&#8220;2px&#8220; border_color_all=&#8220;#dbdbdb&#8220; global_colors_info=&#8220;{}&#8220;]\n<section class=\" ics-calendar layout-basic stickymonths\" id=\"r69f5577c4514b16\" style=\"opacity: 1;\">\n\n\t\t\t<article class=\"ics-calendar-basic-wrapper\">\n\n\t\t\t\n\t\t\t<ul class=\"events r34ics-basic-events\">\n\t\t\t\t\t\t\t\t\t\n\t\t\t\t\t\t\t\t\t\t<li class=\"event t190000\" data-dow=\"4\" data-wknum=\"19\" data-rel2today=\"future\" data-feed-key=\"0\">\n\t\t\t\t\t\t\t\t\t\t\t<div class=\"date\"><span data-date-format=\"l\">Donnerstag<\/span> <span data-date-format=\"j\">7<\/span> <span data-date-format=\"F\">Mai<\/span><\/div>\n\n\t\t\t\t\t\t\t\t\t\t\t<div class=\"event-info\">\n\t\t\t\t\t\t\t\t\t\t\t\t\t\t\t\t\t\t\t\t\t\t\t\t\t<div class=\"time\">\n\t\t\t\t\t\t\t\t\t\t\t\t\t\t<span class=\"start_time\">19:00<\/span>\n\t\t\t\t\t\t\t\t\t\t\t\t\t\t\t\t\t\t\t\t\t\t\t\t\t\t\t\t\t<span class=\"end_time\">&#8211; 21:00<\/span>\n\t\t\t\t\t\t\t\t\t\t\t\t\t\t\t\t\t\t\t\t\t\t\t\t\t\t\t\t<\/div>\n\t\t\t\t\t\t\t\t\t\t\t\t\t<div class=\"title\">\u00dcbung<\/div>\t\t\t\t\t\t\t\t\t\t\t<\/div>\n\t\t\t\t\t\t\t\t\t\t\n\t\t\t\t\t\t\t\t\t\t<\/li>\n\n\t\t\t\t\t\t\t\t\t\t\t\t\t\t\t\n\t\t\t\t\t\t\t\t\t\t<li class=\"event t190000\" data-dow=\"4\" data-wknum=\"21\" data-rel2today=\"future\" data-feed-key=\"0\">\n\t\t\t\t\t\t\t\t\t\t\t<div class=\"date\"><span data-date-format=\"l\">Donnerstag<\/span> <span data-date-format=\"j\">21<\/span> <span data-date-format=\"F\">Mai<\/span><\/div>\n\n\t\t\t\t\t\t\t\t\t\t\t<div class=\"event-info\">\n\t\t\t\t\t\t\t\t\t\t\t\t\t\t\t\t\t\t\t\t\t\t\t\t\t<div class=\"time\">\n\t\t\t\t\t\t\t\t\t\t\t\t\t\t<span class=\"start_time\">19:00<\/span>\n\t\t\t\t\t\t\t\t\t\t\t\t\t\t\t\t\t\t\t\t\t\t\t\t\t\t\t\t\t<span class=\"end_time\">&#8211; 21:00<\/span>\n\t\t\t\t\t\t\t\t\t\t\t\t\t\t\t\t\t\t\t\t\t\t\t\t\t\t\t\t<\/div>\n\t\t\t\t\t\t\t\t\t\t\t\t\t<div class=\"title\">\u00dcbung<\/div>\t\t\t\t\t\t\t\t\t\t\t<\/div>\n\t\t\t\t\t\t\t\t\t\t\n\t\t\t\t\t\t\t\t\t\t<\/li>\n\n\t\t\t\t\t\t\t\t\t\t\t\t\t<\/ul>\n\t\t<\/article>\n\n\t\t\n<\/section>\n[\/et_pb_blurb][et_pb_blurb title=&#8220;Katwarn&#8220; _builder_version=&#8220;4.27.4&#8243; _module_preset=&#8220;default&#8220; header_font=&#8220;|600|||||||&#8220; header_text_align=&#8220;center&#8220; header_line_height=&#8220;2em&#8220; body_line_height=&#8220;1em&#8220; custom_padding=&#8220;1em|1em|1em|1em|true|true&#8220; border_width_all=&#8220;2px&#8220; border_color_all=&#8220;#dbdbdb&#8220; global_colors_info=&#8220;{}&#8220;]<a href=\"https:\/\/warnungen.katwarn.de\/\" target=\"_blank\" rel=\"noopener noreferrer\"><img decoding=\"async\" style=\"display: block; margin-left: auto; margin-right: auto;\" src=\"https:\/\/warnungen.katwarn.de\/widget\/kus_box.png\" alt=\"Katwarn Warnungen\" \/><\/a>[\/et_pb_blurb][et_pb_blurb title=&#8220;Wetterwarnungen&#8220; _builder_version=&#8220;4.27.4&#8243; _module_preset=&#8220;default&#8220; header_font=&#8220;|600|||||||&#8220; header_text_align=&#8220;center&#8220; header_line_height=&#8220;2em&#8220; body_line_height=&#8220;1em&#8220; custom_padding=&#8220;1em|1em|1em|1em|true|true&#8220; border_width_all=&#8220;2px&#8220; border_color_all=&#8220;#dbdbdb&#8220; global_colors_info=&#8220;{}&#8220;]<\/p>\n<p><img decoding=\"async\" src=\"https:\/\/www.dwd.de\/DWD\/warnungen\/warnapp_gemeinden\/json\/warnungen_gemeinde_map_rps.png\" \/><\/p>\n<p>[\/et_pb_blurb][\/et_pb_column][\/et_pb_row][\/et_pb_section]<\/p>\n","protected":false},"excerpt":{"rendered":"<p>Seit 1982 besteht der F\u00f6rderverein der Freiwilligen Feuerwehr Altenglan. Mehr als 60 Personen geh\u00f6ren ihm an. Ziel ist es, die Arbeit der Feuerwehr Altenglan aktiv zu f\u00f6rdern. Sei es durch ideele oder durch materielle Unterst\u00fctzung. Durch die aktive Unterst\u00fctzung des F\u00f6rdervereins konnte der Feuerwehr Altenglan schon Material im Wert von mehreren 10.000 Euro \u00fcbergeben werden. [&hellip;]<\/p>\n","protected":false},"author":1,"featured_media":0,"parent":0,"menu_order":0,"comment_status":"closed","ping_status":"closed","template":"","meta":{"_et_pb_use_builder":"on","_et_pb_old_content":"<!-- wp:divi\/placeholder \/-->","_et_gb_content_width":"","footnotes":""},"class_list":["post-45","page","type-page","status-publish","hentry"],"_links":{"self":[{"href":"https:\/\/www.feuerwehr-altenglan.de\/index.php?rest_route=\/wp\/v2\/pages\/45","targetHints":{"allow":["GET"]}}],"collection":[{"href":"https:\/\/www.feuerwehr-altenglan.de\/index.php?rest_route=\/wp\/v2\/pages"}],"about":[{"href":"https:\/\/www.feuerwehr-altenglan.de\/index.php?rest_route=\/wp\/v2\/types\/page"}],"author":[{"embeddable":true,"href":"https:\/\/www.feuerwehr-altenglan.de\/index.php?rest_route=\/wp\/v2\/users\/1"}],"replies":[{"embeddable":true,"href":"https:\/\/www.feuerwehr-altenglan.de\/index.php?rest_route=%2Fwp%2Fv2%2Fcomments&post=45"}],"version-history":[{"count":16,"href":"https:\/\/www.feuerwehr-altenglan.de\/index.php?rest_route=\/wp\/v2\/pages\/45\/revisions"}],"predecessor-version":[{"id":1821,"href":"https:\/\/www.feuerwehr-altenglan.de\/index.php?rest_route=\/wp\/v2\/pages\/45\/revisions\/1821"}],"wp:attachment":[{"href":"https:\/\/www.feuerwehr-altenglan.de\/index.php?rest_route=%2Fwp%2Fv2%2Fmedia&parent=45"}],"curies":[{"name":"wp","href":"https:\/\/api.w.org\/{rel}","templated":true}]}}

Förderverein

<p>[et_pb_section fb_built=&#8220;1&#8243; _builder_version=&#8220;4.16&#8243; width=&#8220;100%&#8220; custom_padding=&#8220;0px|0px|0px|0px|false|false&#8220; global_colors_info=&#8220;{}&#8220;][et_pb_row column_structure=&#8220;2_3,1_3&#8243; _builder_version=&#8220;4.27.4&#8243; _module_preset=&#8220;default&#8220; width=&#8220;100%&#8220; max_width=&#8220;80%&#8220; module_alignment=&#8220;center&#8220; global_colors_info=&#8220;{}&#8220;][et_pb_column type=&#8220;2_3&#8243; _builder_version=&#8220;4.27.4&#8243; _module_preset=&#8220;default&#8220; background_color=&#8220;#f5f5f5&#8243; custom_padding=&#8220;3em|3em|3em|3em|true|true&#8220; border_radii=&#8220;on|15px|15px|15px|15px&#8220; global_colors_info=&#8220;{}&#8220;][et_pb_heading title=&#8220;Förderverein “St Florian“ der Freiwilligen Feuerwehr Altenglan&#8220; _builder_version=&#8220;4.27.4&#8243; _module_preset=&#8220;default&#8220; title_text_align=&#8220;center&#8220; global_colors_info=&#8220;{}&#8220;][/et_pb_heading][et_pb_text _builder_version=&#8220;4.27.4&#8243; global_colors_info=&#8220;{}&#8220;]</p>
<p><span style="color: #000000; font-size: 10px;"><span style="font-size: 14px;">Seit 1982 besteht der Förderverein der Freiwilligen Feuerwehr Altenglan. Mehr als 60 Personen gehören ihm an. Ziel ist es, die Arbeit der Feuerwehr Altenglan aktiv zu fördern. Sei es durch ideele oder durch materielle Unterstützung. Durch die aktive Unterstützung des Fördervereins konnte der Feuerwehr Altenglan schon Material im Wert von mehreren 10.000 Euro übergeben werden. Wenn auch Sie die Arbeit der Feuerwehr aktiv fördern möchten, dann werden Sie Mitglied im Förderverein.</span></span></p>
<p><span style="font-size: 14px;"><span style="color: #000000;"></span><span style="text-decoration: underline;"><span style="color: #000000; text-decoration: underline;">Ziele:</span></span></span></p>
<ul>
<li><span style="font-size: 14px;"><span style="color: #000000;">materielle und ideele Unterstützung der Freiwilligen Feuerwehr Altenglan</span></span></li>
<li><span style="font-size: 14px;"><span style="color: #000000;">Fürsorge für die Mitglieder, vor allem die Feuerwehrangehörigen</span></span></li>
<li><span style="font-size: 14px;"><span style="color: #000000;">Förderung der Jugendfeuerwehr</span></span></li>
<li><span style="font-size: 14px;"><span style="color: #000000;">Öffentlichkeitsarbeit</span></span><span style="font-size: 14px;"><span style="color: #000000;"></span></span><span style="font-size: 14px;"><span style="color: #000000;"></span></span></li>
</ul>
<p><span style="font-size: 14px;"><span style="color: #000000;"></span></span></p>
<p style="text-align: justify;"><span style="color: #000000; font-size: 10px;"><span style="font-size: 14px;">Wenn sie also den Förderverein und die Freiwillige Feuerwehr Altenglan aktiv unterstützen möchten werden sie Mitglied. Schreiben Sie uns einfach eine Email und wir schicken Ihnen ein Anmeldeformular zu.</span></span><strong><span style="color: #000000; font-size: 10px;"><br /></span></strong></p>
<p style="text-align: justify;"><span style="color: #000000; font-size: 10px;"><span style="font-size: 14px;">Alternativ können Sie den Antrag auf Mitgliedschaft downloaden und ausgefüllt an uns senden.</span></span></p>
<p>[/et_pb_text][et_pb_text _builder_version=&#8220;4.27.4&#8243; _module_preset=&#8220;default&#8220; hover_enabled=&#8220;0&#8243; sticky_enabled=&#8220;0&#8243;]</p>
<p><span style="text-decoration: underline;">Kontakt:</span></p>
<p>1. Vorsitzender &#8211; Alexander Ruth: fv-fw-altenglan@web.de</p>
<p>[/et_pb_text][et_pb_text _builder_version=&#8220;4.27.4&#8243; global_colors_info=&#8220;{}&#8220;]</p>
<h3><span style="text-decoration: underline;">Formulare:</span></h3>
<p>&nbsp;</p>
<p><a href="https://www.feuerwehr-altenglan.de/wp-content/uploads/2020/05/Antrag-auf-Mitgliedschaft.pdf" rel="attachment noopener noreferrer wp-att-862" target="_blank">Antrag auf Mitgliedschaft</a></p>
<p><a href="https://www.feuerwehr-altenglan.de/wp-content/uploads/2020/05/Geschäftsordnung-Förderverein.pdf" rel="attachment noopener noreferrer wp-att-861" target="_blank">Geschäftsordnung Förderverein</a></p>
<p><a href="https://www.feuerwehr-altenglan.de/wp-content/uploads/2020/05/Vereinssatzung-Förderverein.pdf" rel="attachment noopener noreferrer wp-att-860" target="_blank">Vereinssatzung Förderverein</a></p>
<p>[/et_pb_text][/et_pb_column][et_pb_column type=&#8220;1_3&#8243; _builder_version=&#8220;4.27.4&#8243; _module_preset=&#8220;default&#8220; background_color=&#8220;#f5f5f5&#8243; custom_padding=&#8220;3em|3em|3em|3em|true|true&#8220; border_radii=&#8220;on|15px|15px|15px|15px&#8220; global_colors_info=&#8220;{}&#8220;][et_pb_blurb title=&#8220;Nächste Termine&#8220; _builder_version=&#8220;4.27.4&#8243; _module_preset=&#8220;default&#8220; header_font=&#8220;|600|||||||&#8220; header_text_align=&#8220;center&#8220; header_line_height=&#8220;2em&#8220; body_line_height=&#8220;1em&#8220; custom_padding=&#8220;1em|1em|1em|1em|true|true&#8220; border_width_all=&#8220;2px&#8220; border_color_all=&#8220;#dbdbdb&#8220; global_colors_info=&#8220;{}&#8220;]
<section class=" ics-calendar layout-basic stickymonths" id="r69f5577c4514b16" style="opacity: 1;">

			<article class="ics-calendar-basic-wrapper">

			
			<ul class="events r34ics-basic-events">
									
										<li class="event t190000" data-dow="4" data-wknum="19" data-rel2today="future" data-feed-key="0">
											<div class="date"><span data-date-format="l">Donnerstag</span> <span data-date-format="j">7</span> <span data-date-format="F">Mai</span></div>

											<div class="event-info">
																									<div class="time">
														<span class="start_time">19:00</span>
																													<span class="end_time">&#8211; 21:00</span>
																												</div>
													<div class="title">Übung</div>											</div>
										
										</li>

															
										<li class="event t190000" data-dow="4" data-wknum="21" data-rel2today="future" data-feed-key="0">
											<div class="date"><span data-date-format="l">Donnerstag</span> <span data-date-format="j">21</span> <span data-date-format="F">Mai</span></div>

											<div class="event-info">
																									<div class="time">
														<span class="start_time">19:00</span>
																													<span class="end_time">&#8211; 21:00</span>
																												</div>
													<div class="title">Übung</div>											</div>
										
										</li>

													</ul>
		</article>

		
</section>
[/et_pb_blurb][et_pb_blurb title=&#8220;Katwarn&#8220; _builder_version=&#8220;4.27.4&#8243; _module_preset=&#8220;default&#8220; header_font=&#8220;|600|||||||&#8220; header_text_align=&#8220;center&#8220; header_line_height=&#8220;2em&#8220; body_line_height=&#8220;1em&#8220; custom_padding=&#8220;1em|1em|1em|1em|true|true&#8220; border_width_all=&#8220;2px&#8220; border_color_all=&#8220;#dbdbdb&#8220; global_colors_info=&#8220;{}&#8220;]<a href="https://warnungen.katwarn.de/" target="_blank" rel="noopener noreferrer"><img decoding="async" style="display: block; margin-left: auto; margin-right: auto;" src="https://warnungen.katwarn.de/widget/kus_box.png" alt="Katwarn Warnungen" /></a>[/et_pb_blurb][et_pb_blurb title=&#8220;Wetterwarnungen&#8220; _builder_version=&#8220;4.27.4&#8243; _module_preset=&#8220;default&#8220; header_font=&#8220;|600|||||||&#8220; header_text_align=&#8220;center&#8220; header_line_height=&#8220;2em&#8220; body_line_height=&#8220;1em&#8220; custom_padding=&#8220;1em|1em|1em|1em|true|true&#8220; border_width_all=&#8220;2px&#8220; border_color_all=&#8220;#dbdbdb&#8220; global_colors_info=&#8220;{}&#8220;]</p>
<p><img decoding="async" src="https://www.dwd.de/DWD/warnungen/warnapp_gemeinden/json/warnungen_gemeinde_map_rps.png" /></p>
<p>[/et_pb_blurb][/et_pb_column][/et_pb_row][/et_pb_section]</p>

<p>Seit 1982 besteht der Förderverein der Freiwilligen Feuerwehr Altenglan. Mehr als 60 Personen gehören ihm an. Ziel ist es, die Arbeit der Feuerwehr Altenglan aktiv zu fördern. Sei es durch ideele oder durch materielle Unterstützung. Durch die aktive Unterstützung des Fördervereins konnte der Feuerwehr Altenglan schon Material im Wert von mehreren 10.000 Euro übergeben werden. [&hellip;]</p>
